{"id":1513,"date":"2023-03-01T09:46:27","date_gmt":"2023-03-01T09:46:27","guid":{"rendered":"https:\/\/klienci.inter-aktywni.pl\/jomadent-kopia\/?post_type=lekarze&#038;p=1513"},"modified":"2024-03-22T08:29:08","modified_gmt":"2024-03-22T08:29:08","slug":"cebula-agnieszka","status":"publish","type":"lekarze","link":"https:\/\/klienci.inter-aktywni.pl\/jomadent-kopia\/lekarze\/cebula-agnieszka\/","title":{"rendered":"Cebula Agnieszka"},"content":{"rendered":"<div class=\"vce-row-container\" data-vce-boxed-width=\"true\"><div class=\"vce-row vce-row--col-gap-0 vce-row-equal-height vce-row-content--top\" id=\"el-e6df171a\" data-vce-do-apply=\"all el-e6df171a\"><div class=\"vce-content-background-container\"><\/div><div class=\"vce-row-content\" data-vce-element-content=\"true\"><div class=\"vce-col vce-col--md-29p vce-col--xs-1 vce-col--xs-last vce-col--xs-first vce-col--sm-last vce-col--sm-first vce-col--md-first vce-col--lg-first vce-col--xl-first\" id=\"el-7aac1223\"><div class=\"vce-col-inner\" data-vce-do-apply=\"border margin background  el-7aac1223\"><div class=\"vce-col-content\" data-vce-element-content=\"true\" data-vce-do-apply=\"padding el-7aac1223\"><div class=\"vce-layout-post-featured-image-container vce-layout-post-featured-image--align-left\"><div class=\"vce vce-layout-post-featured-image-wrapper\" id=\"el-78f860b5\" data-vce-do-apply=\"all el-78f860b5\"><figure><div class=\"vce-layout-post-featured-image-inner\"><img  src=\"\" data-src=\"https:\/\/klienci.inter-aktywni.pl\/jomadent-kopia\/wp-content\/uploads\/2022\/05\/cebula.webp\" class=\"vce-layout-post-featured-image vcv-lozad\" title=\"cebula\" alt=\"\" \/><\/div><\/figure><\/div><\/div><div class=\"vce-raw-html\"><div class=\"vce-raw-html-wrapper\" id=\"el-781bf3ae\" data-vce-do-apply=\"all el-781bf3ae\"><a id=\"zl-url\" class=\"zl-url\" href=\"https:\/\/www.znanylekarz.pl\/agnieszka-cebula-2\/neurolog-dzieciecy\/dabrowa-gornicza\" rel=\"nofollow\" data-zlw-doctor=\"agnieszka-cebula-2\" data-zlw-type=\"big_with_calendar\" data-zlw-opinion=\"false\" data-zlw-hide-branding=\"true\" data-zlw-saas-only=\"false\">Agnieszka Cebula - ZnanyLekarz.pl<\/a><script>!function($_x,_s,id){var js,fjs=$_x.getElementsByTagName(_s)[0];if(!$_x.getElementById(id)){js = $_x.createElement(_s);js.id = id;js.src = \"\/\/platform.docplanner.com\/js\/widget.js\";fjs.parentNode.insertBefore(js,fjs);}}(document,\"script\",\"zl-widget-s\");<\/script><\/div><\/div><\/div><\/div><\/div><div class=\"vce-col vce-col--md-71p vce-col--xs-1 vce-col--xs-last vce-col--xs-first vce-col--sm-last vce-col--sm-first vce-col--md-last vce-col--lg-last vce-col--xl-last\" id=\"el-5797a258\"><div class=\"vce-col-inner\" data-vce-do-apply=\"border margin background  el-5797a258\"><div class=\"vce-col-content\" data-vce-element-content=\"true\" data-vce-do-apply=\"padding el-5797a258\"><div class=\"vce-text-block\"><div class=\"vce-text-block-wrapper vce\" id=\"el-c14750b4\" data-vce-do-apply=\"all el-c14750b4\"><h3>ZESP\u00d3\u0141 MEDYCZNY<\/h3>\r\n<h1><strong>lek. Agnieszka Cebula<\/strong><\/h1><\/div><\/div><div class=\"vce vce-separator-container vce-separator--align-left vce-separator--style-solid\" id=\"el-bbd25b88\" data-vce-do-apply=\"margin el-bbd25b88\"><div class=\"vce-separator vce-separator--color-ba-0-178-227-0-8 vce-separator--width-20 vce-separator--thickness-4\" data-vce-do-apply=\"border padding background  el-bbd25b88\"><\/div><\/div><div class=\"vce-text-block\"><div class=\"vce-text-block-wrapper vce\" id=\"el-50bbc792\" data-vce-do-apply=\"all el-50bbc792\"><p>Lekarz specjalista neurologii dzieci\u0119cej<\/p>\r\n<p style=\"text-align: justify;\">Jestem absolwentk\u0105 Collegium Medicum Uniwerystetu Jagiello\u0144skiego w Krakowie, doktorantk\u0105 \u015al\u0105skiego Uniwersytetu Medycznego w Katowicach. Na co dzie\u0144 pracuje w Oddziale Neurologii Dzieci\u0119cej G\u00f3rno\u015bl\u0105skiego Centrum Zdrowia Dziecka oraz prowadz\u0119 zaj\u0119cia w j\u0119zyku polskim oraz angielskim w zakresie pediatrii i neurologii dzieci\u0119cej dla student\u00f3w kierunku lekarskiego \u015aUM.<\/p>\r\n<p style=\"text-align: justify;\"><br>Moim g\u0142\u00f3wnym tematem zainteresowa\u0144 pozostaje od lat szeroko poj\u0119ta tematyka neurologii wieku rozwojowego. Poza prac\u0105 zawodow\u0105, szkoleniami, licznymi warsztatami (m.in. w zakresie diagnostyki elektromiograficznej, poda\u017cy botuliny w chorobach neurologicznych) i konferencjami, realizuje si\u0119 tak\u017ce jako mama dw\u00f3jki dzieci.<\/p>\r\n<p style=\"text-align: justify;\"><br>Nale\u017c\u0119 do Polskiego Towarzystwa Neurologii Dzieci\u0119cej oraz European Pediatric Neurology Society. Moje dotychczasowe publikacje naukowe skupiaj\u0105 si\u0119 na tematyce wad rozwojowych OUN, tematyce udaru w populacji dzieci\u0119cej oraz diagnostyce chor\u00f3b nerwowo mi\u0119\u015bniowych.<\/p><\/div><\/div><\/div><\/div><\/div><\/div><\/div><\/div>","protected":false},"featured_media":2415,"template":"","meta":{"_acf_changed":false,"_monsterinsights_skip_tracking":false,"_monsterinsights_sitenote_active":false,"_monsterinsights_sitenote_note":"","_monsterinsights_sitenote_category":0,"site-sidebar-layout":"default","site-content-layout":"default","ast-site-content-layout":"default","site-content-style":"default","site-sidebar-style":"default","ast-global-header-display":"","ast-banner-title-visibility":"","ast-main-header-display":"","ast-hfb-above-header-display":"","ast-hfb-below-header-display":"","ast-hfb-mobile-header-display":"","site-post-title":"","ast-breadcrumbs-content":"","ast-featured-img":"","footer-sml-layout":"","ast-disable-related-posts":"","theme-transparent-header-meta":"default","adv-header-id-meta":"","stick-header-meta":"","header-above-stick-meta":"","header-main-stick-meta":"","header-below-stick-meta":"","astra-migrate-meta-layouts":"set","ast-page-background-enabled":"default","ast-page-background-meta":{"desktop":{"background-color":"var(--ast-global-color-4)","background-image":"","background-repeat":"repeat","background-position":"center center","background-size":"auto","background-attachment":"scroll","background-type":"","background-media":"","overlay-type":"","overlay-color":"","overlay-opacity":"","overlay-gradient":""},"tablet":{"background-color":"","background-image":"","background-repeat":"repeat","background-position":"center center","background-size":"auto","background-attachment":"scroll","background-type":"","background-media":"","overlay-type":"","overlay-color":"","overlay-opacity":"","overlay-gradient":""},"mobile":{"background-color":"","background-image":"","background-repeat":"repeat","background-position":"center center","background-size":"auto","background-attachment":"scroll","background-type":"","background-media":"","overlay-type":"","overlay-color":"","overlay-opacity":"","overlay-gradient":""}},"ast-content-background-meta":{"desktop":{"background-color":"var(--ast-global-color-5)","background-image":"","background-repeat":"repeat","background-position":"center center","background-size":"auto","background-attachment":"scroll","background-type":"","background-media":"","overlay-type":"","overlay-color":"","overlay-opacity":"","overlay-gradient":""},"tablet":{"background-color":"var(--ast-global-color-5)","background-image":"","background-repeat":"repeat","background-position":"center center","background-size":"auto","background-attachment":"scroll","background-type":"","background-media":"","overlay-type":"","overlay-color":"","overlay-opacity":"","overlay-gradient":""},"mobile":{"background-color":"var(--ast-global-color-5)","background-image":"","background-repeat":"repeat","background-position":"center center","background-size":"auto","background-attachment":"scroll","background-type":"","background-media":"","overlay-type":"","overlay-color":"","overlay-opacity":"","overlay-gradient":""}}},"categories":[32,44],"tags":[48],"class_list":["post-1513","lekarze","type-lekarze","status-publish","has-post-thumbnail","hentry","category-neurologia-dziecieca","category-wszyscy-lekarze","tag-poradnie-specjalistyczne"],"acf":[],"_links":{"self":[{"href":"https:\/\/klienci.inter-aktywni.pl\/jomadent-kopia\/wp-json\/wp\/v2\/lekarze\/1513","targetHints":{"allow":["GET"]}}],"collection":[{"href":"https:\/\/klienci.inter-aktywni.pl\/jomadent-kopia\/wp-json\/wp\/v2\/lekarze"}],"about":[{"href":"https:\/\/klienci.inter-aktywni.pl\/jomadent-kopia\/wp-json\/wp\/v2\/types\/lekarze"}],"wp:featuredmedia":[{"embeddable":true,"href":"https:\/\/klienci.inter-aktywni.pl\/jomadent-kopia\/wp-json\/wp\/v2\/media\/2415"}],"wp:attachment":[{"href":"https:\/\/klienci.inter-aktywni.pl\/jomadent-kopia\/wp-json\/wp\/v2\/media?parent=1513"}],"wp:term":[{"taxonomy":"category","embeddable":true,"href":"https:\/\/klienci.inter-aktywni.pl\/jomadent-kopia\/wp-json\/wp\/v2\/categories?post=1513"},{"taxonomy":"post_tag","embeddable":true,"href":"https:\/\/klienci.inter-aktywni.pl\/jomadent-kopia\/wp-json\/wp\/v2\/tags?post=1513"}],"curies":[{"name":"wp","href":"https:\/\/api.w.org\/{rel}","templated":true}]}}

<div class="vce-row-container" data-vce-boxed-width="true"><div class="vce-row vce-row--col-gap-0 vce-row-equal-height vce-row-content--top" id="el-e6df171a" data-vce-do-apply="all el-e6df171a"><div class="vce-content-background-container"></div><div class="vce-row-content" data-vce-element-content="true"><div class="vce-col vce-col--md-29p vce-col--xs-1 vce-col--xs-last vce-col--xs-first vce-col--sm-last vce-col--sm-first vce-col--md-first vce-col--lg-first vce-col--xl-first" id="el-7aac1223"><div class="vce-col-inner" data-vce-do-apply="border margin background  el-7aac1223"><div class="vce-col-content" data-vce-element-content="true" data-vce-do-apply="padding el-7aac1223"><div class="vce-layout-post-featured-image-container vce-layout-post-featured-image--align-left"><div class="vce vce-layout-post-featured-image-wrapper" id="el-78f860b5" data-vce-do-apply="all el-78f860b5"><figure><div class="vce-layout-post-featured-image-inner"><img  src="" data-src="https://klienci.inter-aktywni.pl/jomadent-kopia/wp-content/uploads/2022/05/cebula.webp" class="vce-layout-post-featured-image vcv-lozad" title="cebula" alt="" /></div></figure></div></div><div class="vce-raw-html"><div class="vce-raw-html-wrapper" id="el-781bf3ae" data-vce-do-apply="all el-781bf3ae"><a id="zl-url" class="zl-url" href="https://www.znanylekarz.pl/agnieszka-cebula-2/neurolog-dzieciecy/dabrowa-gornicza" rel="nofollow" data-zlw-doctor="agnieszka-cebula-2" data-zlw-type="big_with_calendar" data-zlw-opinion="false" data-zlw-hide-branding="true" data-zlw-saas-only="false">Agnieszka Cebula - ZnanyLekarz.pl</a><script>!function($_x,_s,id){var js,fjs=$_x.getElementsByTagName(_s)[0];if(!$_x.getElementById(id)){js = $_x.createElement(_s);js.id = id;js.src = "//platform.docplanner.com/js/widget.js";fjs.parentNode.insertBefore(js,fjs);}}(document,"script","zl-widget-s");</script></div></div></div></div></div><div class="vce-col vce-col--md-71p vce-col--xs-1 vce-col--xs-last vce-col--xs-first vce-col--sm-last vce-col--sm-first vce-col--md-last vce-col--lg-last vce-col--xl-last" id="el-5797a258"><div class="vce-col-inner" data-vce-do-apply="border margin background  el-5797a258"><div class="vce-col-content" data-vce-element-content="true" data-vce-do-apply="padding el-5797a258"><div class="vce-text-block"><div class="vce-text-block-wrapper vce" id="el-c14750b4" data-vce-do-apply="all el-c14750b4"><h3>ZESPÓŁ MEDYCZNY</h3>
<h1><strong>lek. Agnieszka Cebula</strong></h1></div></div><div class="vce vce-separator-container vce-separator--align-left vce-separator--style-solid" id="el-bbd25b88" data-vce-do-apply="margin el-bbd25b88"><div class="vce-separator vce-separator--color-ba-0-178-227-0-8 vce-separator--width-20 vce-separator--thickness-4" data-vce-do-apply="border padding background  el-bbd25b88"></div></div><div class="vce-text-block"><div class="vce-text-block-wrapper vce" id="el-50bbc792" data-vce-do-apply="all el-50bbc792"><p>Lekarz specjalista neurologii dziecięcej</p>
<p style="text-align: justify;">Jestem absolwentką Collegium Medicum Uniwerystetu Jagiellońskiego w Krakowie, doktorantką Śląskiego Uniwersytetu Medycznego w Katowicach. Na co dzień pracuje w Oddziale Neurologii Dziecięcej Górnośląskiego Centrum Zdrowia Dziecka oraz prowadzę zajęcia w języku polskim oraz angielskim w zakresie pediatrii i neurologii dziecięcej dla studentów kierunku lekarskiego ŚUM.</p>
<p style="text-align: justify;"><br>Moim głównym tematem zainteresowań pozostaje od lat szeroko pojęta tematyka neurologii wieku rozwojowego. Poza pracą zawodową, szkoleniami, licznymi warsztatami (m.in. w zakresie diagnostyki elektromiograficznej, podaży botuliny w chorobach neurologicznych) i konferencjami, realizuje się także jako mama dwójki dzieci.</p>
<p style="text-align: justify;"><br>Należę do Polskiego Towarzystwa Neurologii Dziecięcej oraz European Pediatric Neurology Society. Moje dotychczasowe publikacje naukowe skupiają się na tematyce wad rozwojowych OUN, tematyce udaru w populacji dziecięcej oraz diagnostyce chorób nerwowo mięśniowych.</p></div></div></div></div></div></div></div></div>
